base 4, what is 33131220013 - -1213?
33131221232
In base 12, what is 3556 - -120?
3676
In base 4, what is 130320 - 113023032?
-112232112
In base 14, what is 766 - -d05?
166b
In base 8, what is 3 - 4240717?
-4240714
In base 8, what is 2614 + 2420?
5234
In base 9, what is -5 + -23273848?
-23273854
In base 16, what is 23c369b5 - -1?
23c369b6
In base 3, what is -21200220221 + 20100?
-21200200121
In base 13, what is -164636 - -391?
-164275
In base 4, what is -2 + 332330131100?
332330131032
In base 8, what is -3427615 + -636?
-3430453
In base 2, what is 100110011001110011101111011 + -11?
100110011001110011101111000
In base 4, what is -13133231101 - 301?
-13133232002
In base 3, what is -2 + -202011211020220?
-202011211020222
In base 4, what is -2 + -300300102003?
-300300102011
In base 15, what is b - 326ee?
-326e3
In base 8, what is -7311524 - 2?
-7311526
In base 9, what is 836802 - 23?
836768
In base 10, what is -6588456 - 10?
-6588466
In base 15, what is -10 + -3153?
-3163
In base 11, what is 106717596 - -3?
106717599
In base 10, what is 1 - -106707532?
106707533
In base 15, what is -7669 + -32a?
-7994
In base 9, what is -2 - 171456701?
-171456703
In base 4, what is -2010013133001 + 1?
-2010013133000
In base 9, what is -1 + 6783548?
6783547
In base 13, what is 1 - -100a22c4?
100a22c5
In base 7, what is 6 + -10312636?
-10312630
In base 8, what is 57 + -6006034?
-6005755
In base 6, what is -425540 - -240?
-425300
In base 14, what is 512 + 1d498?
1d9aa
In base 3, what is -12112201022 + 2020022?
-12110111000
In base 7, what is -105056 - 1561?
-106650
In base 11, what is -63901 - 214?
-64015
In base 14, what is 6d741 - b4?
6d66b
In base 10, what is 280 - -37736?
38016
In base 11, what is 28a675546 - -4?
28a67554a
In base 16, what is -96012 + -109?
-9611b
In base 2, what is -101110111110110101 - -1101010?
-101110111101001011
In base 2, what is -110100100 - -100111000000000?
100110001011100
In base 14, what is 2b7cb13 + -3?
2b7cb10
In base 16, what is -2 + -1581626?
-1581628
In base 2, what is 1010111111101 - -1001101100001?
10100101011110
In base 10, what is -146196 - -176?
-146020
In base 12, what is -3940 + -483a?
-857a
In base 12, what is -10622463 - -1?
-10622462
In base 6, what is -3401011355 - 5?
-3401011404
In base 3, what is -100101021010 + -210212?
-100102001222
In base 7, what is 3 - -1061412?
1061415
In base 3, what is 10021210 + -1011110021?
-1001011111
In base 6, what is 1234 + -10410435?
-10405201
In base 12, what is -10 - 107676?
-107686
In base 3, what is 120202022101 + 1201?
120202101002
In base 3, what is -10 - 11220020101010?
-11220020101020
In base 6, what is 4140 - -400533?
405113
In base 13, what is -2 + 674b7?
674b5
In base 12, what is -222424a1 - 3?
-222424a4
In base 11, what is 397 - 422619?
-422232
In base 6, what is -101 - 454330240?
-454330341
In base 12, what is -15513 + 37?
-15498
In base 11, what is -25157 + -861?
-25a08
In base 2, what is -11010001101100010 - -10111110?
-11010001010100100
In base 10, what is 5 + 213969?
213974
In base 9, what is -133001 + 5652?
-126238
In base 9, what is -15503780 + -5?
-15503785
In base 6, what is -21533 + -412002?
-433535
In base 6, what is -1552515 + -5205?
-2002124
In base 3, what is 1 + 210100210200?
210100210201
In base 7, what is -312 - -233622?
233310
In base 4, what is 1112311321 + -101?
1112311220
In base 3, what is -12110021022201211 + 12?
-12110021022201122
In base 2, what is -101010110000001110100 - 101?
-101010110000001111001
In base 7, what is -51 + 25653205?
25653124
In base 3, what is -1212200121102120 - 0?
-1212200121102120
In base 6, what is 340 + 414234?
415014
In base 2, what is -100010 + 100010010011101011001?
100010010011100110111
In base 11, what is 115 - 93727?
-93612
In base 13, what is 4 - -648400?
648404
In base 16, what is 241 + -30c?
-cb
In base 6, what is -1410 - -1125505?
1124055
In base 14, what is -14939 + -59?
-14994
In base 8, what is -10 - 13203674?
-13203704
In base 13, what is 99 - -499c1c?
499cb8
In base 14, what is -1 - -7795bc2?
7795bc1
In base 8, what is 14126 + 346?
14474
In base 6, what is 233012 + 11530?
244542
In base 14, what is -2 + 4ba1d0c?
4ba1d0a
In base 9, what is -1515 - 5161?
-6676
In base 14, what is -105 + 3b6a0b?
3b6906
In base 16, what is -18b0 - -9d6?
-eda
In base 9, what is 1266 - 31287?
-30021
In base 2, what is 1011101110 - 10001100101000?
-10000000111010
In base 2, what is 100 - -1100011110100110110011111010?
1100011110100110110011111110
In base 13, what is 2a84c1 - -2?
2a84c3
In base 16, what is 676b24 + -3?
676b21
In base 9, what is 183 - -1216741?
1217034
In base 8, what is -1500 - 66752?
-70452
In base 6, what is -204 + -350234112?
-350234320
In base 10, what is -1697733 - -90?
-1697643
In base 16, what is 2676b - -2ee?
26a59
In base 9, what is 1287214 - 21?
1287183
In base 7, what is 2023362 + 24?
2023416
In base 4, what is -2020133111033203 - -3?
-2020133111033200
In base 5, what is -2 + -1011010231341?
-1011010231343
In base 5, what is 12 + -3420143442?
-3420143430
In base 11, what is -261 + 321?
70
In base 11, what is -4 + 3a14961?
3a14958
In base 14, what is 2 - 121c3033?
-121c3031
In base 13, what is -2c + -c93227?
-c93256
In base 11, what is 2392115 - -a0?
2392205
In base 8, what is 4265172 + -24?
4265146
In base 9, what is 1382675 + 4?
1382680
In base 5, what is -22 + -144131403?
-144131430
In base 7, what is 33 - -1600630?
1600663
In base 10, what is -16923987 + 1?
-16923986
In base 6, what is 24410 + -12455?
11511
In base 4, what is -31 - -123000112?
123000021
In base 2, what is -101101010111101001101 - 10101?
-101101010111101100010
In base 6, what is 50003 - 41533?
4030
In base 7, what is -5 - -2350666336?
2350666331
In base 16, what is -6f - 17718?
-17787
In base 8, what is -227 + 41545?
41316
In base 3, what is -20212020021102 - -1?
-20212020021101
In base 9, what is 2 - 2728416?
-2728414
In base 10, what is -73 - -15580?
15507
In base 4, what is -10132133131 + 1122?
-10132132003
In base 12, what is -2471 + -1481?
-3932
In base 15, what is -241d - 36?
-2454
In base 5, what is 1340212431 - 2?
1340212424
In base 8, what is 110 + -20336471?
-20336361
In base 15, what is -51d9 - 1349?
-6533
In base 2, what is 110100010000001 - 1101110111100?
100110011000101
In base 15, what is 1263 - 7c?
11d6
In base 4, what is 21213302 - -100123?
21320031
In base 13, what is 11091839 + -5?
11091834
In base 8, what is 155171 + 65?
155256
In base 10, what is 24 - 1071433?
-1071409
In base 11, what is -797 - -17934?
17148
In base 2, what is -10000010011100000100001 - -1?
-10000010011100000100000
In base 9, what is 2 + -2365884?
-2365882
In base 13, what is 3 + -7bb808?
-7bb805
In base 9, what is 22240002 - 25?
22238866
In base 10, what is 108 + -178853?
-178745
In base 13, what is -2302 - -38?
-2297
In base 10, what is -52272370 - 2?
-52272372
In base 6, what is 32204354 - -5?
32204403
In base 3, what is 111 + 20011210110101?
20011210110212
In base 14, what is 4 - -388198?
38819c
In base 5, what is 102211 + -214422?
-112211
In base 12, what is 30a665 + 30a?
30a973
In base 9, what is 4734132 + -2?
4734130
In base 11, what is -73 - 26245?
-26308
In base 8, what is -5 + 1300336061?
1300336054
In base 3, what is -1 + -110012210021021?
-110012210021022
In base 15, what is 2de01c + -2?
2de01a
In base 14, what is 1b + -3566c8?
-3566ab
In base 7, what is 10464 - 14500?
-4003
In base 8, what is -3143 + 75220?
72055
In base 2, what is -1101110110 - 11110000000001?
-11111101110111
In base 2, what is 111100100010000010011 + -101?
111100100010000001110
In base 14, what is 132a8693 + 3?
132a8696
In base 5, what is -11 + 4340423333?
4340423322
In base 11, what is 3 - 2062928?
-2062925
In base 8, what is -200431 + -36?
-200467
In base 10, what is -1 - -4056444?
4056443
In base 5, what is 1 + -142124320101?
-142124320100
In base 6, what is -23023500 + -33?
-23023533
In base 4, what is 3 + -23233122103?
-23233122100
In base 12, what is -407a1 - 104?
-408a5
In base 11, what is -14973931 - 2?
-14973933
In base 16, what is 9ab23e3 + 2?
9ab23e5
In base 3, what is -11012 - 2101021111?
-2101102200
In base 12, what is 3 - 29624957?
-29624954
In base 9, what is -13 + -4325143?
-4325156
In base 4, what is -30121230112 + -1200?
-30121231312
In base 14, wh